ve of g**6/20 + g**5/30 - g**4/24 + g**2 + 2. Let o(f) be the second derivative of n(f). Let x = 7 + -6. What is o(x)?
7
Let s(r) = r + 4 + r - 1. Let z be (0 + -1 - -2)*3. Suppose 2*a + 2*p + 6 = 0, 4*a + 0*p = z*p - 5. Determine s(a).
-1
Suppose g = 1 - 6. Suppose -r = r + o - 5, 25 = 5*r + 5*o. Let x = r - g. Let w(u) = 2*u - 5. Calculate w(x).
5
Let b(n) = 3*n**2 + 6*n - 6. Let h be 1*-2*35/(-10). Let w(o) = 10*o**2 + 19*o - 19. Let t(g) = h*b(g) - 2*w(g). Calculate t(-3).
-7
Let s = 4 - 6. Let p = 6 + s. Let c(m) = m**2 - 5*m. What is c(p)?
-4
Let i(o) be the third derivative of 1/60*o**5 + 0*o + 0*o**3 + 0 + 1/6*o**4 - o**2. Let q(y) = y - 8. Let g be q(6). Determine i(g).
-4
Let k = -8 + 5. Suppose -5*v + 5*t = 15, 1 = -2*v + 5*t - 20. Let i(q) = 2*q**2 - q**3 - 3*q**2 + 3*q**2 - 4*q**v. Give i(k).
9
Let p(n) = 4*n**3 - 4*n**2 - 7*n + 2. Let w(g) = -5*g**3 + 4*g**2 + 8*g - 3. Let a(t) = -6*p(t) - 5*w(t). Determine a(-4).
-5
Suppose 5*v + 12 = 3*p, -2*p - p + 12 = 4*v. Suppose 3 = -p*s + 5*s. Let o(a) = 2*a + 4. Give o(s).
10
Let x(r) be the second derivative of -r**5/20 + r**4/12 - r**3/6 + r**2/2 - 8*r. Determine x(1).
0
Let m(n) = -6*n + 2*n - 4*n**2 + 2*n + 1 + n**3. What is m(2)?
-11
Let u(q) = -q**2 + 0*q**3 - q**3 + 16 + 2*q - 17. Give u(2).
-9
Let z(y) = y**3 - 3*y**2 + 3*y - 5. Let n(s) = s**3 - 4*s**2 + 4*s - 5. Let g(m) = 4*n(m) - 5*z(m). Suppose 3*h + 4*d + 4 = 0, -2*h - 2*h - 5 = 5*d. Give g(h).
5
Let u(j) = j**2 - 6*j - 1. Let y be u(5). Let w(z) = z + 6. What is w(y)?
0
Let s(a) = a**3 - 6*a**2 + 5*a - 2. Let d be s(5). Let q be d + 0/(1 - 2). Let w(n) = n**2 + 2*n + 3. Calculate w(q).
3
Let x(m) = m**2 + 7*m + 3. Let h(y) = -2*y**3 + 7*y**2 + y - 1. Let d(w) = w**3 - 6*w**2 - w + 1. Let a(o) = -3*d(o) - 2*h(o). Let v be a(-4). Determine x(v).
-7
Let b(v) be the third derivative of -v**6/120 - v**5/30 - v**3/3 + v**2. Suppose -3*h - i + 33 = 0, 46 = 5*h + 2*i - 8. Suppose -h = 5*y - y. What is b(y)?
7
Let l(f) = -f - 1. Let d be (-9)/12 + (-236)/(-16). Let h be 9/(-6)*d/(-3). Let v = h - 7. What is l(v)?
-1
Let s(h) = -h**2 - 1. Let p(z) = -3*z**2 - 6*z + 2. Let l(y) = p(y) - 2*s(y). Give l(-6).
4
Let v(t) = 3*t + 20. Suppose -h = -f - 3*f + 21, 3*h + 7 = -2*f. Let r(u) = 2*u + 13. Let b(k) = h*v(k) + 8*r(k). Let w be (-6)/(24/20) - 1. What is b(w)?
-2
Suppose y + y = 4*x - 24, -5 = -3*x - 5*y. Let j = -7 + x. Let d(p) = 2*p**2 + p. Calculate d(j).
6
Let r(h) = h**3 + 7*h**2 - 9*h - 10. Let b be r(-8). Let q(f) be the first derivative of 1 - f**3 - f - 1/4*f**4 - 3/2*f**2. Calculate q(b).
1
Let a(g) = -4*g**2 + 1 - g**2 - 2*g**2 + 0*g**2. Suppose -2 = -5*b + 3. What is a(b)?
-6
Let c(a) = -a**2 + 3*a + 3. Let p(b) = -3*b + 4*b + 2 - 2*b. Let z be p(0). Suppose m + 6 = z*d, 0 = d + m + 3*m - 12. Determine c(d).
-1
Let r(k) = -k**3 + 5*k**2 - 4*k - 1. Let s(y) = -y. Let u(b) = -2*b**2 - 5*b + 2. Let j(f) = 4*s(f) - u(f). Let z = 2 - 4. Let c be j(z). Give r(c).
-1
Let q = 34 + -22. Let s be (9/q)/((-2)/(-8)). Let m(v) be the second derivative of -v**4/12 + 2*v**3/3 - v**2/2 + v. Calculate m(s).
2
Let y(n) = -4*n**2 + 6*n + 2. Let b(j) = -j**2. Let t(s) = 5*b(s) - y(s). Determine t(-5).
3
Let x(q) = 4*q - 7 + q**3 - 2*q**3 + q**2 - 3*q. Suppose -3 - 2 = c - 5*t, -t = -1. What is x(c)?
-7
Let g(v) = 0*v**2 - 3 + 3*v - v**2 + 2*v. Give g(4).
1
Let i(o) = 3*o**3 - o**2. Suppose -4*g - 12 = -4*a, 6*a - 14 = a + 4*g. Let p be (-14)/(-4) + 3/(-6). Let t = p - a. Determine i(t).
2
Let i(d) = d + 1. Let l(j) = 4*j + 13. Let p(f) = -5*i(f) + l(f). Let a be p(7). Let y(b) = 4 + a + 2*b**2 - 2*b - 6 + b**3. Determine y(-3).
-4
Let a(i) = -5*i**3 + i**2. Let t be a(-1). Let w(y) = 2*y - 3 + t + 3. Suppose -m + 7 = -l, 0*l - 2*m + 10 = -l. Determine w(l).
-2
Let k = -20 - -23. Let u(d) = d**3 - 2*d**2 + 3*d - 4. Calculate u(k).
14
Let o(s) = -s**2 - 7*s - 2. Suppose 0 = -4*q + 5*v - 33, v + 4 = q + 12. What is o(q)?
-2
Suppose 8*b = 2*g + 3*b - 30, 2*g + 4*b + 6 = 0. Let w(r) = -49*r**2 + 24*r + 29. Let k(u) = 11*u**2 - 6*u - 7. Let h(p) = 9*k(p) + 2*w(p). Give h(g).
-10
Let t be 12/(-3)*2/(-4). Let z(q) = 1 + 2*q**2 - q**t + 0. Determine z(2).
5
Suppose 4*g - 8 = -0. Suppose -g*r = -4*r + 10. Let q(m) = -r - 8 - m + 9. Determine q(-3).
-1
Let q be 2 - (-3 + 2)*2. Let o(c) = c**2 + 6*c + q - 3*c - 3*c + 4*c. Determine o(-3).
1
Let c(a) be the first derivative of a**2 + a + 1. Suppose 3 = 5*l - h + 2*h, -2*l + 5*h - 15 = 0. Let v = l - 3. Calculate c(v).
-5
Let d(u) = -3*u + 5*u**2 - 4*u + 5*u + 2. Calculate d(2).
18
Let p(u) = -6*u**2 - u - 3. Let j(i) = 7*i**2 + i + 4. Let v(h) = 5*j(h) + 6*p(h). Let o = 11 - 14. What is v(o)?
-4
Let r(d) = d + 1. Let g = 9 - 13. Let n(k) = -k. Let w(u) = g*r(u) - 3*n(u). What is w(4)?
-8
Let g(m) = 3*m**2 - 1 + 2*m**2 - 3*m - m**3 + m. Let a(x) = 3*x**2 - x + 2. Let l be a(1). Calculate g(l).
7
Let u(n) = n**3 - 4*n**2 + 4*n - 3. Suppose 2*d = -c, 8*d + 3*c = 3*d + 2. Let i be (-50)/(-18) + d/(-9). What is u(i)?
0
Let o = -4 - -1. Let l(y) = -y**3 - y**2 + 3*y - 2. Let r be l(o). Let k(d) = -d + 2. Let u be k(r). Let t(m) = m**2 + 6*m - 3. Give t(u).
-8
Suppose 2*o = -2*r - 16, -5*r - 23 = -5*o + 17. Suppose 12 = -0*q - 2*q. Let p = r - q. Let i(w) = 2*w + 1. Give i(p).
-3
Suppose 0 = -8*v + 3*v - 30. Let z(n) = n**2 + 7*n + 3. Determine z(v).
-3
Suppose 3*t + 1 + 8 = 0. Let r be t*2/(-3) + -5. Let l(i) = i**2 - i - 3. What is l(r)?
9
Let z(w) = 6. Let s(a) = -a + 1. Let j(y) = s(y) + z(y). Determine j(4).
3
Let t(u) = 16*u - 12. Let y(p) = p - 1. Let b be 0/1 - (-26)/2. Let m be (b - 1)/(2 - 3). Let a(j) = m*y(j) + t(j). Determine a(2).
8
Let l(y) = 9*y + y**2 + 2 - 16*y + 3. Determine l(6).
-1
Let u(d) = d - 3. Let o be u(5). Let q = 0 + o. Let a(k) = 4 + k**3 + 4*k**3 - 4*k**3 + 5*k**q. Calculate a(-5).
4
Let t(q) = q**2 + 15*q + 4. Let u(b) = -2*b**2 - 31*b - 8. Let s(m) = -9*t(m) - 4*u(m). Give s(-8).
20
Suppose 0 = 3*i + 4*l - 25, 0 = -2*i - 2*l + l + 10. Let m be i - ((-3)/(-1) - -2). Let s(d) = -d. Let v(j) = -2*j. Let w(c) = 7*s(c) - 4*v(c). Determine w(m).
-2
Let o be (4/(-6))/((-10)/15). Let x(u) = -o + 2*u - u + 0 - 2*u. Calculate x(-3).
2
Let b(k) be the second derivative of -k**5/20 - k**4/6 + k**3/2 - k**2 + 15*k. What is b(-4)?
18
Let s(w) = -w. Let b = -1 + -2. Let k = b - -7. Let l be s(k). Let n(h) = h + 3. Calculate n(l).
-1
Let k = -15 - -11. Let a(y) = -2*y - 5. Let j be a(k). Suppose -5 = 2*n - 3*w, 3*n + 5*w - j = n. Let q(d) = -5*d**3 - 2*d**2 - d. Give q(n).
4
Let z(p) = -p**2 - 4*p + 2. Let o = -4 + 6. Suppose 4*w - 23 = -3*s, -o*w - s + 9 = -0*w. Suppose -y - 8 = -3*n, -2*y - w*n + 1 = 9. Determine z(y).
-3
Let d(n) = -7*n**3 - n. Let k be 7/(-5) - 2/(-5). Determine d(k).
8
Let b be -2 - (4 + 3/(-1)). Let p = -8 - b. Let j(g) = -g**2 - 6*g + 7. Give j(p).
12
Let l(f) be the third derivative of -f**4/24 - 22*f**2. Give l(2).
-2
Let t(j) = 0*j - j - 7 + 0 + 4. What is t(6)?
-9
Let w(q) be the third derivative of q**5/60 - q**4/3 + q**3 - 26*q**2. Determine w(7).
-1
Let g = 13 - 10. Let u(k) = 10*k**3 + k**2 - k + 4. Let i(j) = -9*j**3 - j**2 - 3. Let m(x) = g*i(x) + 2*u(x). Let f = 1 + -2. What is m(f)?
7
Let u(w) = w**3 - w**2 - 5*w + 3. Let x(p) = -2*p + 2. Let j be x(0). Suppose -3*k + 2*m + 3 = 0, j*k - k - m = 0. Determine u(k).
6
Let l(c) be the third derivative of -c**5/60 - c**4/8 - c**3/3 - c**2. Suppose 2*j + 2 = -o, -5*j + 4*j - 10 = -4*o. Let d be 16/(-4)*(-2)/j. Determine l(d).
-6
Let g(c) = c**2 - 2*c - 5. Suppose -4 = 4*d - 5*o - 21, 2*d = -2*o + 4. Suppose -1 = -d*h + 23. Suppose 0 = 5*r - h - 12. What is g(r)?
3
Let s(k) = -k**2 + 5*k - 1. Let z(b) = -b**3 - 3*b**2 + b + 2. Let l be z(2). Let d be ((-6)/5)/(l/40). What is s(d)?
5
Let i(a) = a**2 - 8*a + 4. Let h = 4 - -3. Give i(h).
-3
Let j(q) = q**3 - 2*q**2 - 2*q + 2. Suppose 0 = -2*u + 5*b - 11, 4*u + 5*b - 23 = -0*u. What is j(u)?
-2
Let d(x) = x**2 + 11*x + 4. Let q be (4/(-6))/(15/225). What is d(q)?
-6
Suppose 26*u - 29*u = -18. Let l(b) = -b + 4. Calculate l(u).
-2
Let c be 40/5*(-1)/(-4). Suppose -7*v + 40 = -2*v. Let p(k) = 4 + 3*k + v*k**2 + 2 - 9*k**c. Calculate p(5).
-4
Let v(b) = b**3 + 6*b**2 + 7*b + 4. Let i(a) = -6*a**3 - a**2 + a. Let x be i(1). Let o(q) = q + 2. Let h be o(x). What is v